e 62612?
True
Does 402 divide 316374?
True
Is 6152018 a multiple of 29?
False
Is 265203 a multiple of 2?
False
Is 33117 a multiple of 249?
True
Does 33 divide 1130298?
False
Is 217736 a multiple of 10?
False
Is 1471352 a multiple of 17?
False
Does 583 divide 861089?
False
Is 49 a factor of 2093350?
False
Does 8 divide 23528?
True
Is 47 a factor of 57716?
True
Is 748 a factor of 12616745?
False
Is 2097846 a multiple of 318?
True
Is 424 a factor of 3311016?
True
Is 132 a factor of 351539?
False
Is 139 a factor of 160588?
False
Is 1423061 a multiple of 38?
False
Does 97 divide 7372?
True
Is 3036424 a multiple of 193?
False
Does 23 divide 9614?
True
Does 1195 divide 510920?
False
Does 50 divide 783960?
False
Is 4731489 a multiple of 31?
False
Does 13 divide 1427049?
True
Is 103 a factor of 369461?
True
Is 29 a factor of 486557?
False
Is 376 a factor of 796344?
False
Does 13 divide 105639?
False
Does 117 divide 1608867?
True
Is 9 a factor of 661437?
True
Does 6 divide 4459167?
False
Is 156883 a multiple of 39?
False
Is 807136 a multiple of 88?
True
Is 353 a factor of 4942?
True
Does 2 divide 3776?
True
Does 47 divide 2399632?
True
Does 506 divide 679313?
False
Is 11392820 a multiple of 10?
True
Is 1498000 a multiple of 1000?
True
Is 912240 a multiple of 4?
True
Does 101 divide 86519?
False
Does 11 divide 1303577?
True
Is 151581 a multiple of 163?
False
Is 419520 a multiple of 1140?
True
Is 1316 a factor of 3235756?
False
Is 6 a factor of 1390?
False
Is 199756 a multiple of 158?
False
Is 11 a factor of 226764?
False
Does 198 divide 373230?
True
Does 167 divide 2953896?
True
Is 7 a factor of 1203142?
False
Is 111731 a multiple of 6?
False
Does 4 divide 8840570?
False
Is 128 a factor of 435783?
False
Is 55176 a multiple of 66?
True
Is 1032052 a multiple of 812?
True
Is 464249 a multiple of 17?
False
Does 16 divide 40725?
False
Is 704875 a multiple of 25?
True
Does 7 divide 48727?
True
Is 9 a factor of 450815?
False
Is 15 a factor of 75717?
False
Does 848 divide 653183?
False
Does 92 divide 121989?
False
Does 14 divide 271334?
True
Is 30 a factor of 424110?
True
Is 52086 a multiple of 158?
False
Does 8 divide 1340784?
True
Is 9 a factor of 78444?
True
Does 65 divide 224835?
True
Is 568 a factor of 2352587?
False
Does 4 divide 31440?
True
Is 19 a factor of 13414?
True
Does 23 divide 39150?
False
Is 10327644 a multiple of 92?
True
Is 29 a factor of 483685?
False
Is 6961899 a multiple of 879?
False
Is 14 a factor of 4048245?
False
Is 4030953 a multiple of 57?
False
Is 59 a factor of 262196?
True
Does 30 divide 3684471?
False
Does 31 divide 6966289?
True
Is 3570992 a multiple of 664?
True
Does 33 divide 840719?
False
Does 29 divide 16610997?
True
Is 43 a factor of 2152193?
True
Is 560621 a multiple of 20?
False
Does 2 divide 9783?
False
Does 3 divide 144280?
False
Does 23 divide 466992?
True
Is 921 a factor of 483819?
False
Is 273721 a multiple of 110?
False
Does 157 divide 417770?
False
Does 503 divide 3433880?
False
Is 5376895 a multiple of 258?
False
Does 36 divide 13469?
False
Is 41 a factor of 1298612?
False
Does 2 divide 32460?
True
Does 39 divide 93132?
True
Is 4 a factor of 327976?
True
Is 17 a factor of 3043136?
True
Is 19 a factor of 100966?
True
Is 24 a factor of 299819?
False
Is 2774172 a multiple of 1531?
True
Is 1500507 a multiple of 9?
True
Is 385560 a multiple of 315?
True
Does 121 divide 548735?
True
Is 197 a factor of 323277?
True
Is 84 a factor of 8306803?
False
Is 7 a factor of 1053458?
True
Does 44 divide 71005?
False
Is 22 a factor of 174812?
True
Is 3523960 a multiple of 88?
True
Is 223913 a multiple of 130?
False
Does 546 divide 1073436?
True
Is 167 a factor of 355042?
True
Is 332500 a multiple of 380?
True
Does 5 divide 50107?
False
Does 2030 divide 5340930?
True
Is 29 a factor of 955981?
False
Is 280953 a multiple of 227?
False
Does 283 divide 585296?
False
Is 354 a factor of 1886753?
False
Is 111 a factor of 1197246?
True
Is 161144 a multiple of 2?
True
Is 16 a factor of 505115?
False
Is 84 a factor of 5732076?
True
Is 1140293 a multiple of 7?
True
Is 791186 a multiple of 117?
False
Is 116 a factor of 38512?
True
Does 411 divide 2477755?
False
Is 55 a factor of 77660?
True
Does 54 divide 579721?
False
Does 7 divide 34608?
True
Is 189909 a multiple of 193?
False
Is 249964 a multiple of 26?
True
Is 24 a factor of 355608?
True
Is 20 a factor of 43220?
True
Is 69 a factor of 2185092?
True
Does 11 divide 341?
True
Is 4300 a multiple of 29?
False
Is 980 a factor of 1458497?
False
Is 2705637 a multiple of 6?
False
Does 402 divide 269340?
True
Does 108 divide 4099127?
False
Does 51 divide 570352?
False
Is 15 a factor of 260535?
True
Does 17 divide 162197?
True
Is 16 a factor of 916686?
False
Is 1792188 a multiple of 25?
False
Is 835 a factor of 348593?
False
Is 707 a factor of 3774420?
False
Is 475225 a multiple of 116?
False
Is 17152046 a multiple of 30?
False
Does 62 divide 15272150?
True
Is 11 a factor of 40761?
False
Does 20 divide 59105?
False
Is 41 a factor of 2875381?
False
Is 98 a factor of 12099668?
True
Is 523005 a multiple of 105?
True
Does 185 divide 638250?
True
Does 86 divide 3074844?
True
Is 11 a factor of 46453?
True
Does 20 divide 288122?
False
Is 108 a factor of 11790?
False
Does 171 divide 1022469?
False
Is 328 a factor of 797696?
True
Is 356616 a multiple of 13?
True
Is 20 a factor of 161990?
False
Does 92 divide 1545952?
False
Is 459672 a multiple of 12?
True
Is 1127360 a multiple of 20?
True
Does 15 divide 170510?
False
Is 69900 a multiple of 78?
False
Is 166 a factor of 102626?
False
Is 6325824 a multiple of 39?
False
Is 785329 a multiple of 262?
False
Is 253188 a multiple of 39?
True
Is 803256 a multiple of 24?
True
Does 130 divide 1372280?
True
Is 7 a factor of 975367?
False
Does 40 divide 11495354?
False
Is 37601 even?
False
Is 57 a factor of 13531572?
True
Is 190 a factor of 8166200?
True
Does 344 divide 1663070?
False
Is 29 a factor of 15510969?
True
Is 48 a factor of 2706760?
False
Is 12 a factor of 1444920?
True
Is 44 a factor of 39116?
True
Is 851204 a multiple of 1016?
False
Does 163 divide 174899?
True
Does 3 divide 2679?
True
Does 13 divide 108904?
False
Is 25 a factor of 5292905?
False
Is 54000 a multiple of 20?
True
Is 3 a factor of 21564?
True
Is 328 a factor of 1558897?
False
Is 201 a factor of 335469?
True
Is 40 a factor of 75080?
True
Does 321 divide 11953719?
True
Does 4 divide 14152?
True
Does 215 divide 389365?
True
Is 8 a factor of 3437028?
False
Is 35 a factor of 1903870?
False
Does 113 divide 244431?
False
Is 8 a factor of 56069?
False
Is 2943098 a multiple of 25?
False
Is 1006720 a multiple of 65?
True
Is 7392144 a multiple of 300?
False
Does 51 divide 410040?
True
Does 124 divide 16910449?
False
Is 1257053 a multiple of 273?
False
Does 7 divide 544922?
True
Does 165 divide 2873475?
True
Is 271964 a multiple of 77?
True
Is 1374 a factor of 5430048?
True
Is 379 a factor of 10313830?
False
Does 731 divide 472226?
True
Does 4 divide 26828?
True
Is 1979496 a multiple of 136?
False
Does 8 divide 28913?
False
Does 20 divide 174987?
False
Does 41 divide 35340920?
False
Does 146 divide 9883616?
True
Does 28 divide 15596?
True
Does 53 divide 469474?
True
Is 1798048 a multiple of 16?
True
Is 145 a factor of 3755790?
True
Is 72 a factor of 637238?
False
Does 14 divide 5044242?
True
Does 398 divide 5362748?
False
Is 14 a factor of 472892?
True
Is 32 a factor of 1107936?
True
Is 12 a factor of 171828?
True
Is 28 a factor of 189084?
True
Does 46 divide 2471322?
False
Is 5333790 a multiple of 70?
True
Is 3 a factor of 2053741?
False
Is 25380 a multiple of 27?
True
Is 1898778 a multiple of 6?
True
Does 271 divide 33149?
False
Does 83 divide 97385?
False
Is 11 a factor of 78650?
True
Is 114 a factor of 803463?
False
Is 310 a factor of 428730?
True
Does 28 divide 621119?
False
Is 24 a factor of 85104?
True
Is 5 a factor of 315235?
True
Is 317010 a multiple of 30?
True
Is 6543728 a multiple of 158?
True
Is 444 a factor of 7548?
True
Does 2 divide 50819?
False
Does 168 divide 709800?
True
Does 17 divide 1491276?
False
Does 4 divide 60820?
True
Does 581 divide 224847?
True
Is 117727 a multiple of 48?
False
Does 52 divide 693784?
True
Does 36 divide 800028?
True
Is 31 a factor of 1928200?
True
Is 2254865 a m